/home/hdwebsolution/access-logs/hdwebsolution.com-ssl_log
66.249.70.133 - - [13/Jan/2026:11:32:10 +0000] "GET /?r=193745741 HTTP/1.1" 200 1964 "-" "Mozilla/5.0 (compatible; Googlebot/2.1; +http://www.google.com/bot.html)"
66.249.70.131 - - [13/Jan/2026:11:36:35 +0000] "GET /?r=420305685 HTTP/1.1" 200 1964 "-" "Mozilla/5.0 (compatible; Googlebot/2.1; +http://www.google.com/bot.html)"
66.249.70.131 - - [13/Jan/2026:11:36:47 +0000] "GET /?r=470964391 HTTP/1.1" 200 1964 "-" "Mozilla/5.0 (compatible; Googlebot/2.1; +http://www.google.com/bot.html)"
208.110.64.178 - - [13/Jan/2026:11:39:15 +0000] "GET /wp-includes/wp2e0576/index.php HTTP/1.1" 200 0 "https://hdwebsolution.com/wp-includes/wp2e0576/index.php" "Mozilla/5.0 (Windows NT 10.0; Win64; x64) AppleWebKit/537.36 (KHTML, like Gecko) Chrome/58.0.3029.110 Safari/537.3"
66.249.70.131 - - [13/Jan/2026:11:40:44 +0000] "GET /?r=51206329 HTTP/1.1" 200 1964 "-" "Mozilla/5.0 (compatible; Googlebot/2.1; +http://www.google.com/bot.html)"
204.12.208.18 - - [13/Jan/2026:11:31:10 +0000] "GET /wp-includes/wp2e0576/index.php HTTP/1.1" 200 0 "https://hdwebsolution.com/wp-includes/wp2e0576/index.php" "Mozilla/5.0 (compatible; MSIE 9.0; Windows NT 6.0; Trident/5.0)"
66.249.70.133 - - [13/Jan/2026:11:36:24 +0000] "GET /?r=295387833 HTTP/1.1" 200 1964 "-" "Mozilla/5.0 (compatible; Googlebot/2.1; +http://www.google.com/bot.html)"
52.45.77.169 - - [13/Jan/2026:11:48:15 +0000] "GET /carpenetr/wardrobes-storage.php HTTP/1.1" 403 1242 "-" "Mozilla/5.0 AppleWebKit/537.36 (KHTML, like Gecko; compatible; Amazonbot/0.1; +https://developer.amazon.com/support/amazonbot) Chrome/119.0.6045.214 Safari/537.36"
66.249.70.131 - - [13/Jan/2026:11:47:25 +0000] "GET /?r=58196501 HTTP/1.1" 200 1964 "-" "Mozilla/5.0 (compatible; Googlebot/2.1; +http://www.google.com/bot.html)"
52.0.63.151 - - [13/Jan/2026:11:48:11 +0000] "GET /robots.txt HTTP/1.1" 200 133 "-" "Mozilla/5.0 AppleWebKit/537.36 (KHTML, like Gecko; compatible; Amazonbot/0.1; +https://developer.amazon.com/support/amazonbot) Chrome/119.0.6045.214 Safari/537.36"
204.12.252.98 - - [13/Jan/2026:11:48:12 +0000] "GET /wp-includes/wp2e0576/index.php HTTP/1.1" 200 0 "https://hdwebsolution.com/wp-includes/wp2e0576/index.php" "Mozilla/5.0 (Windows NT 10.0; Win64; x64) AppleWebKit/537.36 (KHTML, like Gecko) Chrome/58.0.3029.110 Safari/537.3"
204.12.208.18 - - [13/Jan/2026:11:58:29 +0000] "GET /wp-includes/wp2e0576/index.php HTTP/1.1" 200 0 "https://hdwebsolution.com/wp-includes/wp2e0576/index.php" "Mozilla/5.0 (compatible; MSIE 10.0; Windows NT 6.2; Win64; x64; Trident/6.0)"
66.249.70.133 - - [13/Jan/2026:12:05:47 +0000] "GET /?r=128327670 HTTP/1.1" 200 1964 "-" "Mozilla/5.0 (compatible; Googlebot/2.1; +http://www.google.com/bot.html)"
208.110.64.178 - - [13/Jan/2026:12:06:15 +0000] "GET /wp-includes/wp2e0576/index.php HTTP/1.1" 200 0 "https://hdwebsolution.com/wp-includes/wp2e0576/index.php" "Mozilla/5.0 (Windows NT 10.0; Win64; x64) AppleWebKit/537.36 (KHTML, like Gecko) Chrome/58.0.3029.110 Safari/537.3"
204.12.252.98 - - [13/Jan/2026:11:52:15 +0000] "GET /wp-includes/wp2e0576/index.php HTTP/1.1" 200 0 "https://hdwebsolution.com/wp-includes/wp2e0576/index.php" "Mozilla/5.0 (Windows NT 10.0; Win64; x64) AppleWebKit/537.36 (KHTML, like Gecko) Chrome/58.0.3029.110 Safari/537.3"
66.249.70.133 - - [13/Jan/2026:11:53:53 +0000] "GET /?r=425121825 HTTP/1.1" 200 1964 "-" "Mozilla/5.0 (compatible; Googlebot/2.1; +http://www.google.com/bot.html)"
66.249.70.131 - - [13/Jan/2026:12:00:21 +0000] "GET /?r=360651449 HTTP/1.1" 200 1964 "-" "Mozilla/5.0 (compatible; Googlebot/2.1; +http://www.google.com/bot.html)"
208.110.64.178 - - [13/Jan/2026:12:08:54 +0000] "GET /wp-includes/wp2e0576/index.php HTTP/1.1" 200 0 "https://hdwebsolution.com/wp-includes/wp2e0576/index.php" "Mozilla/5.0 (Windows NT 10.0; Win64; x64) AppleWebKit/537.36 (KHTML, like Gecko) Chrome/58.0.3029.110 Safari/537.3"
142.44.220.230 - - [13/Jan/2026:12:09:06 +0000] "GET /robots.txt HTTP/2" 200 106 "-" "Mozilla/5.0 (compatible; AhrefsBot/7.0; +http://ahrefs.com/robot/)"
142.44.233.109 - - [13/Jan/2026:12:09:09 +0000] "GET //sitemap-16.xml HTTP/2" 404 1251 "-" "Mozilla/5.0 (compatible; AhrefsBot/7.0; +http://ahrefs.com/robot/)"
74.7.228.24 - - [13/Jan/2026:12:18:53 +0000] "GET /robots.txt HTTP/2" 200 106 "-" "Mozilla/5.0 (Macintosh; Intel Mac OS X 10_15_7) AppleWebKit/537.36 (KHTML, like Gecko) Chrome/131.0.0.0 Safari/537.36; compatible; OAI-SearchBot/1.3; robots.txt; +https://openai.com/searchbot"
66.249.70.131 - - [13/Jan/2026:12:19:00 +0000] "GET /?r=259517208 HTTP/1.1" 200 1964 "-" "Mozilla/5.0 (compatible; Googlebot/2.1; +http://www.google.com/bot.html)"
204.12.252.98 - - [13/Jan/2026:12:22:42 +0000] "GET /wp-includes/wp2e0576/index.php HTTP/1.1" 200 0 "https://hdwebsolution.com/wp-includes/wp2e0576/index.php" "Mozilla/5.0 (Windows NT 10.0; Win64; x64) AppleWebKit/537.36 (KHTML, like Gecko) Chrome/58.0.3029.110 Safari/537.3"
66.249.70.132 - - [13/Jan/2026:12:23:01 +0000] "GET /?r=156223880 HTTP/1.1" 200 1964 "-" "Mozilla/5.0 (compatible; Googlebot/2.1; +http://www.google.com/bot.html)"
66.249.70.132 - - [13/Jan/2026:12:12:32 +0000] "GET /?r=190054896 HTTP/1.1" 200 1964 "-" "Mozilla/5.0 (compatible; Googlebot/2.1; +http://www.google.com/bot.html)"
66.249.70.131 - - [13/Jan/2026:12:22:20 +0000] "GET /?r=267993469 HTTP/1.1" 200 1964 "-" "Mozilla/5.0 (compatible; Googlebot/2.1; +http://www.google.com/bot.html)"
66.249.70.131 - - [13/Jan/2026:12:22:47 +0000] "GET /?r=104787651 HTTP/1.1" 200 1964 "-" "Mozilla/5.0 (compatible; Googlebot/2.1; +http://www.google.com/bot.html)"
204.12.208.18 - - [13/Jan/2026:12:25:26 +0000] "GET /wp-includes/wp2e0576/index.php HTTP/1.1" 200 0 "https://hdwebsolution.com/wp-includes/wp2e0576/index.php" "Mozilla/4.0 (compatible; MSIE 7.0; Windows NT 5.1; SV1; .NET CLR 1.0.3705; .NET CLR 2.0.50727; .NET CLR 1.1.4322)"
66.249.70.132 - - [13/Jan/2026:12:34:13 +0000] "GET /?r=327040239 HTTP/1.1" 200 1964 "-" "Mozilla/5.0 (compatible; Googlebot/2.1; +http://www.google.com/bot.html)"
204.12.252.98 - - [13/Jan/2026:12:34:33 +0000] "GET /wp-includes/wp2e0576/index.php HTTP/1.1" 200 0 "https://hdwebsolution.com/wp-includes/wp2e0576/index.php" "Mozilla/5.0 (Windows NT 10.0; Win64; x64) AppleWebKit/537.36 (KHTML, like Gecko) Chrome/58.0.3029.110 Safari/537.3"
66.249.70.131 - - [13/Jan/2026:12:38:21 +0000] "GET /?r=342074781 HTTP/1.1" 200 1964 "-" "Mozilla/5.0 (Linux; Android 6.0.1; Nexus 5X Build/MMB29P) AppleWebKit/537.36 (KHTML, like Gecko) Chrome/143.0.7499.192 Mobile Safari/537.36 (compatible; Googlebot/2.1; +http://www.google.com/bot.html)"
66.249.70.133 - - [13/Jan/2026:12:39:03 +0000] "GET /legal/cookies-and-tracking-technologies HTTP/1.1" 404 1251 "-" "Mozilla/5.0 (Linux; Android 6.0.1; Nexus 5X Build/MMB29P) AppleWebKit/537.36 (KHTML, like Gecko) Chrome/143.0.7499.192 Mobile Safari/537.36 (compatible; Googlebot/2.1; +http://www.google.com/bot.html)"
66.249.70.132 - - [13/Jan/2026:12:40:50 +0000] "GET /?r=374723419 HTTP/1.1" 200 1964 "-" "Mozilla/5.0 (compatible; Googlebot/2.1; +http://www.google.com/bot.html)"
66.249.70.133 - - [13/Jan/2026:12:27:44 +0000] "GET /?r=417302363 HTTP/1.1" 200 1964 "-" "Mozilla/5.0 (compatible; Googlebot/2.1; +http://www.google.com/bot.html)"
66.249.70.131 - - [13/Jan/2026:12:38:07 +0000] "GET /legal/ip HTTP/1.1" 404 1251 "-" "Mozilla/5.0 (Linux; Android 6.0.1; Nexus 5X Build/MMB29P) AppleWebKit/537.36 (KHTML, like Gecko) Chrome/143.0.7499.192 Mobile Safari/537.36 (compatible; Googlebot/2.1; +http://www.google.com/bot.html)"
66.249.70.133 - - [13/Jan/2026:12:47:07 +0000] "GET /?r=65357614 HTTP/1.1" 200 1964 "-" "Mozilla/5.0 (compatible; Googlebot/2.1; +http://www.google.com/bot.html)"
66.249.70.131 - - [13/Jan/2026:12:52:43 +0000] "GET /?r=463644854 HTTP/1.1" 200 1964 "-" "Mozilla/5.0 (compatible; Googlebot/2.1; +http://www.google.com/bot.html)"
204.12.208.18 - - [13/Jan/2026:12:52:55 +0000] "GET /wp-includes/wp2e0576/index.php HTTP/1.1" 200 0 "https://hdwebsolution.com/wp-includes/wp2e0576/index.php" "Mozilla/4.0 (compatible; MSIE 7.0; Windows NT 5.1)"
60.115.44.238 - - [13/Jan/2026:12:54:07 +0000] "GET /equipments/img/testimonial-img.jpg HTTP/1.1" 200 3282 "https://www.sareensurgicals.com/?item/p34612304773207/" "Mozilla/5.0 (PlayStation Vita 3.74) AppleWebKit/537.73 (KHTML, like Gecko) Silk/3.2"
208.110.64.178 - - [13/Jan/2026:12:57:38 +0000] "GET /wp-includes/wp2e0576/index.php HTTP/1.1" 200 0 "https://hdwebsolution.com/wp-includes/wp2e0576/index.php" "Mozilla/5.0 (Windows NT 10.0; Win64; x64) AppleWebKit/537.36 (KHTML, like Gecko) Chrome/58.0.3029.110 Safari/537.3"
142.44.233.213 - - [13/Jan/2026:12:58:08 +0000] "GET /robots.txt HTTP/2" 200 106 "-" "Mozilla/5.0 (compatible; AhrefsBot/7.0; +http://ahrefs.com/robot/)"
148.113.128.141 - - [13/Jan/2026:12:58:12 +0000] "GET / HTTP/2" 200 1966 "-" "Mozilla/5.0 (compatible; AhrefsBot/7.0; +http://ahrefs.com/robot/)"
208.110.64.178 - - [13/Jan/2026:12:48:15 +0000] "GET /wp-includes/wp2e0576/index.php HTTP/1.1" 200 0 "https://hdwebsolution.com/wp-includes/wp2e0576/index.php" "Mozilla/5.0 (Windows NT 10.0; Win64; x64) AppleWebKit/537.36 (KHTML, like Gecko) Chrome/58.0.3029.110 Safari/537.3"
66.249.70.131 - - [13/Jan/2026:12:59:10 +0000] "GET /?r=492368146 HTTP/1.1" 200 1964 "-" "Mozilla/5.0 (compatible; Googlebot/2.1; +http://www.google.com/bot.html)"
54.84.161.62 - - [13/Jan/2026:12:59:51 +0000] "GET /carpenetr/door-shutter.php HTTP/1.1" 403 1242 "-" "Mozilla/5.0 AppleWebKit/537.36 (KHTML, like Gecko; compatible; Amazonbot/0.1; +https://developer.amazon.com/support/amazonbot) Chrome/119.0.6045.214 Safari/537.36"
204.12.252.98 - - [13/Jan/2026:13:14:29 +0000] "GET /wp-includes/wp2e0576/index.php HTTP/1.1" 200 0 "https://hdwebsolution.com/wp-includes/wp2e0576/index.php" "Mozilla/5.0 (Windows NT 10.0; Win64; x64) AppleWebKit/537.36 (KHTML, like Gecko) Chrome/58.0.3029.110 Safari/537.3"
204.12.208.18 - - [13/Jan/2026:13:20:01 +0000] "GET /wp-includes/wp2e0576/index.php HTTP/1.1" 200 0 "https://hdwebsolution.com/wp-includes/wp2e0576/index.php" "Mozilla/5.0 (Macintosh; Intel Mac OS X 10_6_8) AppleWebKit/534.24 (KHTML, like Gecko) Chrome/11.0.696.71 Safari/534.24"
185.177.72.68 - - [13/Jan/2026:13:31:32 +0000] "GET / HTTP/1.1" 401 36 "-" "Mozilla/5.0 (Windows NT 10.0; Win64; x64) AppleWebKit/537.36"
208.110.64.178 - - [13/Jan/2026:13:31:20 +0000] "GET /wp-includes/wp2e0576/index.php HTTP/1.1" 200 0 "https://hdwebsolution.com/wp-includes/wp2e0576/index.php" "Mozilla/5.0 (Windows NT 10.0; Win64; x64) AppleWebKit/537.36 (KHTML, like Gecko) Chrome/58.0.3029.110 Safari/537.3"
66.249.70.132 - - [13/Jan/2026:13:34:00 +0000] "GET /?r=225330982 HTTP/1.1" 200 1964 "-" "Mozilla/5.0 (compatible; Googlebot/2.1; +http://www.google.com/bot.html)"
66.249.70.131 - - [13/Jan/2026:13:34:30 +0000] "GET /?r=191716233 HTTP/1.1" 200 1964 "-" "Mozilla/5.0 (compatible; Googlebot/2.1; +http://www.google.com/bot.html)"
3.20.201.240 - - [13/Jan/2026:13:35:08 +0000] "GET / HTTP/1.1" 200 2283 "-" "air.ai/scanning Mozilla/5.0 (Macintosh; Intel Mac OS X 10_15_7) Chrome/126.0.0.0 Safari/537.36"
66.249.70.131 - - [13/Jan/2026:13:36:26 +0000] "GET /?r=403906852 HTTP/1.1" 200 1964 "-" "Mozilla/5.0 (compatible; Googlebot/2.1; +http://www.google.com/bot.html)"
66.249.70.132 - - [13/Jan/2026:13:39:26 +0000] "GET /?r=323341164 HTTP/1.1" 200 1964 "-" "Mozilla/5.0 (compatible; Googlebot/2.1; +http://www.google.com/bot.html)"
66.249.70.132 - - [13/Jan/2026:13:33:29 +0000] "GET /?r=436524563 HTTP/1.1" 200 1964 "-" "Mozilla/5.0 (compatible; Googlebot/2.1; +http://www.google.com/bot.html)"
66.249.70.131 - - [13/Jan/2026:13:35:03 +0000] "GET /robots.txt HTTP/1.1" 200 106 "-" "Mozilla/5.0 (compatible; Googlebot/2.1; +http://www.google.com/bot.html)"
66.249.70.131 - - [13/Jan/2026:13:36:07 +0000] "GET /?r=197047360 HTTP/1.1" 200 1964 "-" "Mozilla/5.0 (compatible; Googlebot/2.1; +http://www.google.com/bot.html)"
66.249.70.131 - - [13/Jan/2026:13:36:44 +0000] "GET /?r=162252801 HTTP/1.1" 200 1964 "-" "Mozilla/5.0 (compatible; Googlebot/2.1; +http://www.google.com/bot.html)"
66.249.70.133 - - [13/Jan/2026:13:39:24 +0000] "GET /robots.txt HTTP/1.1" 200 106 "-" "Mozilla/5.0 (compatible; Googlebot/2.1; +http://www.google.com/bot.html)"
66.249.70.133 - - [13/Jan/2026:13:45:56 +0000] "GET /robots.txt HTTP/1.1" 200 106 "-" "Mozilla/5.0 (compatible; Googlebot/2.1; +http://www.google.com/bot.html)"
66.249.70.132 - - [13/Jan/2026:13:46:30 +0000] "GET /?r=248210298 HTTP/1.1" 200 1964 "-" "Mozilla/5.0 (compatible; Googlebot/2.1; +http://www.google.com/bot.html)"
204.12.208.18 - - [13/Jan/2026:13:47:30 +0000] "GET /wp-includes/wp2e0576/index.php HTTP/1.1" 200 0 "https://hdwebsolution.com/wp-includes/wp2e0576/index.php" "Mozilla/5.0 (Windows NT 6.1; WOW64; rv:5.0) Gecko/20100101 Firefox/5.0"
43.155.162.41 - - [13/Jan/2026:13:47:46 +0000] "GET /carpenetr/solid-wood-door.php HTTP/1.1" 403 1242 "-" "Mozilla/5.0 (iPhone; CPU iPhone OS 13_2_3 like Mac OS X) AppleWebKit/605.1.15 (KHTML, like Gecko) Version/13.0.3 Mobile/15E148 Safari/604.1"
208.110.64.178 - - [13/Jan/2026:13:46:15 +0000] "GET /wp-includes/wp2e0576/index.php HTTP/1.1" 200 0 "https://hdwebsolution.com/wp-includes/wp2e0576/index.php" "Mozilla/5.0 (Windows NT 10.0; Win64; x64) AppleWebKit/537.36 (KHTML, like Gecko) Chrome/58.0.3029.110 Safari/537.3"
185.177.72.65 - - [13/Jan/2026:13:51:22 +0000] "HEAD / HTTP/1.1" 200 0 "-" "Mozilla/5.0 (Windows NT 10.0; Win64; x64) AppleWebKit/537.36"
185.177.72.65 - - [13/Jan/2026:13:51:25 +0000] "GET /.env.production HTTP/1.1" 404 1251 "-" "Mozilla/5.0 (Windows NT 10.0; Win64; x64) AppleWebKit/537.36"
185.177.72.65 - - [13/Jan/2026:13:51:38 +0000] "GET / HTTP/1.1" 200 10504 "-" "Mozilla/5.0 (Windows NT 10.0; Win64; x64) AppleWebKit/537.36"
101.99.88.90 - - [13/Jan/2026:13:50:21 +0000] "GET /wp-includes/wp2e0576/index.php HTTP/1.1" 200 0 "-" "-"
185.177.72.65 - - [13/Jan/2026:13:51:23 +0000] "GET /.env HTTP/1.1" 404 1251 "-" "Mozilla/5.0 (Windows NT 10.0; Win64; x64) AppleWebKit/537.36"
185.177.72.65 - - [13/Jan/2026:13:51:29 +0000] "GET /info.php HTTP/1.1" 404 1251 "-" "Mozilla/5.0 (Windows NT 10.0; Win64; x64) AppleWebKit/537.36"
66.249.70.133 - - [13/Jan/2026:13:52:34 +0000] "GET /?r=187203375 HTTP/1.1" 200 1964 "-" "Mozilla/5.0 (compatible; Googlebot/2.1; +http://www.google.com/bot.html)"
66.249.70.131 - - [13/Jan/2026:13:58:07 +0000] "GET /?r=376076944 HTTP/1.1" 200 1964 "-" "Mozilla/5.0 (compatible; Googlebot/2.1; +http://www.google.com/bot.html)"
66.249.70.131 - - [13/Jan/2026:14:04:43 +0000] "GET /?r=176255225 HTTP/1.1" 200 1964 "-" "Mozilla/5.0 (compatible; Googlebot/2.1; +http://www.google.com/bot.html)"
66.249.70.133 - - [13/Jan/2026:14:11:07 +0000] "GET /ctg/search/similarImageSearchResultView/?ctgItemCd=17930536 HTTP/1.1" 404 1251 "-" "Mozilla/5.0 (compatible; Googlebot/2.1; +http://www.google.com/bot.html)"
185.177.72.70 - - [13/Jan/2026:14:16:31 +0000] "HEAD / HTTP/1.1" 401 0 "-" "Mozilla/5.0 (Windows NT 10.0; Win64; x64) AppleWebKit/537.36"
66.249.70.132 - - [13/Jan/2026:14:17:43 +0000] "GET /?r=133939224 HTTP/1.1" 200 1964 "-" "Mozilla/5.0 (compatible; Googlebot/2.1; +http://www.google.com/bot.html)"
208.110.64.178 - - [13/Jan/2026:14:07:58 +0000] "GET /wp-includes/wp2e0576/index.php HTTP/1.1" 200 0 "https://hdwebsolution.com/wp-includes/wp2e0576/index.php" "Mozilla/5.0 (Windows NT 10.0; Win64; x64) AppleWebKit/537.36 (KHTML, like Gecko) Chrome/58.0.3029.110 Safari/537.3"
204.12.208.18 - - [13/Jan/2026:14:14:27 +0000] "GET /wp-includes/wp2e0576/index.php HTTP/1.1" 200 0 "https://hdwebsolution.com/wp-includes/wp2e0576/index.php" "Mozilla/5.0 (Windows NT 6.1; WOW64) AppleWebKit/535.1 (KHTML, like Gecko) Chrome/14.0.835.202 Safari/535.1"
204.12.252.98 - - [13/Jan/2026:14:19:33 +0000] "GET /wp-includes/wp2e0576/index.php HTTP/1.1" 200 0 "https://hdwebsolution.com/wp-includes/wp2e0576/index.php" "Mozilla/5.0 (Windows NT 10.0; Win64; x64) AppleWebKit/537.36 (KHTML, like Gecko) Chrome/58.0.3029.110 Safari/537.3"
66.249.70.132 - - [13/Jan/2026:14:23:12 +0000] "GET /?r=489426006 HTTP/1.1" 200 1964 "-" "Mozilla/5.0 (compatible; Googlebot/2.1; +http://www.google.com/bot.html)"
66.249.70.131 - - [13/Jan/2026:14:30:22 +0000] "GET /?r=489205055 HTTP/1.1" 200 1964 "-" "Mozilla/5.0 (compatible; Googlebot/2.1; +http://www.google.com/bot.html)"
204.12.208.18 - - [13/Jan/2026:14:41:29 +0000] "GET /wp-includes/wp2e0576/index.php HTTP/1.1" 200 0 "https://hdwebsolution.com/wp-includes/wp2e0576/index.php" "Mozilla/5.0 (compatible; MSIE 10.0; Windows NT 6.1; Trident/6.0)"
208.110.64.178 - - [13/Jan/2026:14:41:19 +0000] "GET /wp-includes/wp2e0576/index.php HTTP/1.1" 200 0 "https://hdwebsolution.com/wp-includes/wp2e0576/index.php" "Mozilla/5.0 (Windows NT 10.0; Win64; x64) AppleWebKit/537.36 (KHTML, like Gecko) Chrome/58.0.3029.110 Safari/537.3"
204.12.252.98 - - [13/Jan/2026:15:01:18 +0000] "GET /wp-includes/wp2e0576/index.php HTTP/1.1" 200 0 "https://hdwebsolution.com/wp-includes/wp2e0576/index.php" "Mozilla/5.0 (Windows NT 10.0; Win64; x64) AppleWebKit/537.36 (KHTML, like Gecko) Chrome/58.0.3029.110 Safari/537.3"
66.249.70.132 - - [13/Jan/2026:15:06:50 +0000] "GET /?r=268295037 HTTP/1.1" 200 1964 "-" "Mozilla/5.0 (compatible; Googlebot/2.1; +http://www.google.com/bot.html)"
204.12.208.18 - - [13/Jan/2026:15:08:47 +0000] "GET /wp-includes/wp2e0576/index.php HTTP/1.1" 200 0 "https://hdwebsolution.com/wp-includes/wp2e0576/index.php" "Mozilla/5.0 (Windows NT 6.0; rv:7.0.1) Gecko/20100101 Firefox/7.0.1"
66.249.70.131 - - [13/Jan/2026:15:04:23 +0000] "GET /?r=428272352 HTTP/1.1" 200 1964 "-" "Mozilla/5.0 (compatible; Googlebot/2.1; +http://www.google.com/bot.html)"
66.249.70.133 - - [13/Jan/2026:15:09:08 +0000] "GET /?r=345364614 HTTP/1.1" 200 1964 "-" "Mozilla/5.0 (compatible; Googlebot/2.1; +http://www.google.com/bot.html)"
66.249.70.133 - - [13/Jan/2026:15:13:20 +0000] "GET /?r=156973186 HTTP/1.1" 200 1964 "-" "Mozilla/5.0 (compatible; Googlebot/2.1; +http://www.google.com/bot.html)"
66.249.70.131 - - [13/Jan/2026:15:19:53 +0000] "GET /?r=312068330 HTTP/1.1" 200 1964 "-" "Mozilla/5.0 (compatible; Googlebot/2.1; +http://www.google.com/bot.html)"
208.110.64.178 - - [13/Jan/2026:15:21:09 +0000] "GET /wp-includes/wp2e0576/index.php HTTP/1.1" 200 0 "https://hdwebsolution.com/wp-includes/wp2e0576/index.php" "Mozilla/5.0 (Windows NT 10.0; Win64; x64) AppleWebKit/537.36 (KHTML, like Gecko) Chrome/58.0.3029.110 Safari/537.3"
52.6.232.201 - - [13/Jan/2026:15:27:24 +0000] "GET /carpenetr/plywood-carcas-material.php HTTP/1.1" 403 1242 "-" "Mozilla/5.0 AppleWebKit/537.36 (KHTML, like Gecko; compatible; Amazonbot/0.1; +https://developer.amazon.com/support/amazonbot) Chrome/119.0.6045.214 Safari/537.36"
66.249.70.131 - - [13/Jan/2026:15:22:38 +0000] "GET /index.php0 HTTP/1.1" 200 215 "-" "Mozilla/5.0 (Linux; Android 6.0.1; Nexus 5X Build/MMB29P) AppleWebKit/537.36 (KHTML, like Gecko) Chrome/143.0.7499.192 Mobile Safari/537.36 (compatible; Googlebot/2.1; +http://www.google.com/bot.html)"
66.249.70.131 - - [13/Jan/2026:15:26:17 +0000] "GET /?r=395946008 HTTP/1.1" 200 1964 "-" "Mozilla/5.0 (compatible; Googlebot/2.1; +http://www.google.com/bot.html)"
66.249.70.133 - - [13/Jan/2026:15:38:16 +0000] "GET /?r=325663320 HTTP/1.1" 200 1964 "-" "Mozilla/5.0 (compatible; Googlebot/2.1; +http://www.google.com/bot.html)"
66.249.70.133 - - [13/Jan/2026:15:31:42 +0000] "GET /?r=43291989 HTTP/1.1" 200 1964 "-" "Mozilla/5.0 (compatible; Googlebot/2.1; +http://www.google.com/bot.html)"
204.12.208.18 - - [13/Jan/2026:15:39:43 +0000] "GET /wp-includes/wp2e0576/index.php HTTP/1.1" 200 0 "https://hdwebsolution.com/wp-includes/wp2e0576/index.php" "Mozilla/5.0 (Macintosh; Intel Mac OS X 10_6_8) AppleWebKit/535.1 (KHTML, like Gecko) Chrome/13.0.782.112 Safari/535.1"
204.12.252.98 - - [13/Jan/2026:15:44:11 +0000] "GET /wp-includes/wp2e0576/index.php HTTP/1.1" 200 0 "https://hdwebsolution.com/wp-includes/wp2e0576/index.php" "Mozilla/5.0 (Windows NT 10.0; Win64; x64) AppleWebKit/537.36 (KHTML, like Gecko) Chrome/58.0.3029.110 Safari/537.3"
66.249.70.131 - - [13/Jan/2026:15:44:51 +0000] "GET /?r=492404503 HTTP/1.1" 200 1964 "-" "Mozilla/5.0 (compatible; Googlebot/2.1; +http://www.google.com/bot.html)"
43.131.36.84 - - [13/Jan/2026:15:46:43 +0000] "GET /machines/about.php HTTP/1.1" 200 6647 "-" "Mozilla/5.0 (iPhone; CPU iPhone OS 13_2_3 like Mac OS X) AppleWebKit/605.1.15 (KHTML, like Gecko) Version/13.0.3 Mobile/15E148 Safari/604.1"
66.249.70.131 - - [13/Jan/2026:15:50:14 +0000] "GET /?r=131387444 HTTP/1.1" 200 1964 "-" "Mozilla/5.0 (compatible; Googlebot/2.1; +http://www.google.com/bot.html)"
66.249.70.131 - - [13/Jan/2026:15:50:25 +0000] "GET /?r=386379219 HTTP/1.1" 200 1964 "-" "Mozilla/5.0 (compatible; Googlebot/2.1; +http://www.google.com/bot.html)"
66.249.70.133 - - [13/Jan/2026:15:50:36 +0000] "GET /?r=437266475 HTTP/1.1" 200 1964 "-" "Mozilla/5.0 (compatible; Googlebot/2.1; +http://www.google.com/bot.html)"
66.249.70.133 - - [13/Jan/2026:15:54:37 +0000] "GET /?r=152835586 HTTP/1.1" 200 1964 "-" "Mozilla/5.0 (compatible; Googlebot/2.1; +http://www.google.com/bot.html)"
66.249.70.131 - - [13/Jan/2026:15:54:47 +0000] "GET /?r=246951167 HTTP/1.1" 200 1964 "-" "Mozilla/5.0 (compatible; Googlebot/2.1; +http://www.google.com/bot.html)"
66.249.70.133 - - [13/Jan/2026:15:56:46 +0000] "GET /?r=38919727 HTTP/1.1" 200 1964 "-" "Mozilla/5.0 (compatible; Googlebot/2.1; +http://www.google.com/bot.html)"
66.249.70.133 - - [13/Jan/2026:15:53:30 +0000] "GET /?r=16834646 HTTP/1.1" 200 1964 "-" "Mozilla/5.0 (compatible; Googlebot/2.1; +http://www.google.com/bot.html)"
208.110.64.178 - - [13/Jan/2026:16:07:03 +0000] "GET /wp-includes/wp2e0576/index.php HTTP/1.1" 200 0 "https://hdwebsolution.com/wp-includes/wp2e0576/index.php" "Mozilla/5.0 (Windows NT 10.0; Win64; x64) AppleWebKit/537.36 (KHTML, like Gecko) Chrome/58.0.3029.110 Safari/537.3"
66.249.70.131 - - [13/Jan/2026:16:15:28 +0000] "GET /?r=50373377 HTTP/1.1" 200 1964 "-" "Mozilla/5.0 (compatible; Googlebot/2.1; +http://www.google.com/bot.html)"
43.153.35.128 - - [13/Jan/2026:16:03:05 +0000] "GET /machines/godrej-currency.php HTTP/1.1" 403 1242 "-" "Mozilla/5.0 (iPhone; CPU iPhone OS 13_2_3 like Mac OS X) AppleWebKit/605.1.15 (KHTML, like Gecko) Version/13.0.3 Mobile/15E148 Safari/604.1"
66.249.70.133 - - [13/Jan/2026:16:03:20 +0000] "GET /?r=369388164 HTTP/1.1" 200 1964 "-" "Mozilla/5.0 (compatible; Googlebot/2.1; +http://www.google.com/bot.html)"
204.12.208.18 - - [13/Jan/2026:16:06:56 +0000] "GET /wp-includes/wp2e0576/index.php HTTP/1.1" 200 0 "https://hdwebsolution.com/wp-includes/wp2e0576/index.php" "Mozilla/4.0 (compatible; GoogleToolbar 5.0.2124.2070; Windows 6.0; MSIE 8.0.6001.18241)"
66.249.70.131 - - [13/Jan/2026:16:09:56 +0000] "GET /?r=479711042 HTTP/1.1" 200 1964 "-" "Mozilla/5.0 (compatible; Googlebot/2.1; +http://www.google.com/bot.html)"
208.110.64.178 - - [13/Jan/2026:16:29:05 +0000] "GET /wp-includes/wp2e0576/index.php HTTP/1.1" 200 0 "https://hdwebsolution.com/wp-includes/wp2e0576/index.php" "Mozilla/5.0 (Windows NT 10.0; Win64; x64) AppleWebKit/537.36 (KHTML, like Gecko) Chrome/58.0.3029.110 Safari/537.3"
204.12.208.18 - - [13/Jan/2026:16:33:49 +0000] "GET /wp-includes/wp2e0576/index.php HTTP/1.1" 200 0 "https://hdwebsolution.com/wp-includes/wp2e0576/index.php" "Mozilla/5.0 (Windows NT 10.0; WOW64) AppleWebKit/537.36 (KHTML, like Gecko) Chrome/74.0.3729.131 Safari/537.36"
85.208.96.200 - - [13/Jan/2026:16:24:33 +0000] "GET /robots.txt HTTP/1.1" 200 133 "-" "Mozilla/5.0 (compatible; SemrushBot/7~bl; +http://www.semrush.com/bot.html)"
185.191.171.9 - - [13/Jan/2026:16:24:33 +0000] "GET /ns-interior/solution-details/office-entrance-designer HTTP/1.1" 404 1251 "-" "Mozilla/5.0 (compatible; SemrushBot/7~bl; +http://www.semrush.com/bot.html)"
43.153.79.218 - - [13/Jan/2026:16:25:23 +0000] "GET /machines/paper-shredders.php HTTP/1.1" 403 1242 "-" "Mozilla/5.0 (iPhone; CPU iPhone OS 13_2_3 like Mac OS X) AppleWebKit/605.1.15 (KHTML, like Gecko) Version/13.0.3 Mobile/15E148 Safari/604.1"
43.167.245.18 - - [13/Jan/2026:16:44:43 +0000] "GET /machines/product.php HTTP/1.1" 200 5105 "-" "Mozilla/5.0 (iPhone; CPU iPhone OS 13_2_3 like Mac OS X) AppleWebKit/605.1.15 (KHTML, like Gecko) Version/13.0.3 Mobile/15E148 Safari/604.1"
54.80.185.200 - - [13/Jan/2026:16:44:48 +0000] "GET /carpenetr/service.php HTTP/1.1" 403 1242 "-" "Mozilla/5.0 AppleWebKit/537.36 (KHTML, like Gecko; compatible; Amazonbot/0.1; +https://developer.amazon.com/support/amazonbot) Chrome/119.0.6045.214 Safari/537.36"
66.249.70.132 - - [13/Jan/2026:16:51:54 +0000] "GET /?r=70447293 HTTP/1.1" 200 1964 "-" "Mozilla/5.0 (compatible; Googlebot/2.1; +http://www.google.com/bot.html)"
66.249.70.132 - - [13/Jan/2026:16:54:06 +0000] "GET /?r=520458 HTTP/1.1" 200 1964 "-" "Mozilla/5.0 (compatible; Googlebot/2.1; +http://www.google.com/bot.html)"
160.191.114.34 - - [13/Jan/2026:16:55:20 +0000] "GET /mini.php HTTP/2" 403 1242 "-" "Mozilla/5.0 (Windows NT 10.0; Win64; x64) AppleWebKit/537.36 (KHTML, like Gecko) Chrome/143.0.0.0 Safari/537.36"
160.191.114.34 - - [13/Jan/2026:16:55:21 +0000] "GET /favicon.ico HTTP/2" 404 1251 "https://hdwebsolution.com/mini.php" "Mozilla/5.0 (Windows NT 10.0; Win64; x64) AppleWebKit/537.36 (KHTML, like Gecko) Chrome/143.0.0.0 Safari/537.36"
43.157.52.37 - - [13/Jan/2026:16:57:50 +0000] "GET /machines/index.html HTTP/1.1" 404 1251 "-" "Mozilla/5.0 (iPhone; CPU iPhone OS 13_2_3 like Mac OS X) AppleWebKit/605.1.15 (KHTML, like Gecko) Version/13.0.3 Mobile/15E148 Safari/604.1"
66.249.70.131 - - [13/Jan/2026:16:52:58 +0000] "GET /?r=472042473 HTTP/1.1" 200 1964 "-" "Mozilla/5.0 (compatible; Googlebot/2.1; +http://www.google.com/bot.html)"
52.71.218.25 - - [13/Jan/2026:16:56:25 +0000] "GET /carpenetr/aluminum-profile.php HTTP/1.1" 403 1242 "-" "Mozilla/5.0 AppleWebKit/537.36 (KHTML, like Gecko; compatible; Amazonbot/0.1; +https://developer.amazon.com/support/amazonbot) Chrome/119.0.6045.214 Safari/537.36"
66.249.70.131 - - [13/Jan/2026:17:00:19 +0000] "GET /?r=461220293 HTTP/1.1" 200 1964 "-" "Mozilla/5.0 (compatible; Googlebot/2.1; +http://www.google.com/bot.html)"
204.12.208.18 - - [13/Jan/2026:17:05:36 +0000] "GET /wp-includes/wp2e0576/index.php HTTP/1.1" 200 0 "https://hdwebsolution.com/wp-includes/wp2e0576/index.php" "Mozilla/5.0 (Macintosh; Intel Mac OS X 10_6_8) AppleWebKit/535.7 (KHTML, like Gecko) Chrome/16.0.912.75 Safari/535.7"
204.12.208.18 - - [13/Jan/2026:17:01:02 +0000] "GET /wp-includes/wp2e0576/index.php HTTP/1.1" 200 0 "https://hdwebsolution.com/wp-includes/wp2e0576/index.php" "Mozilla/5.0 (Macintosh; Intel Mac OS X 10.5; rv:8.0.1) Gecko/20100101 Firefox/8.0.1"
66.249.70.133 - - [13/Jan/2026:17:05:22 +0000] "GET /?r=12354864 HTTP/1.1" 200 1964 "-" "Mozilla/5.0 (compatible; Googlebot/2.1; +http://www.google.com/bot.html)"
204.12.208.18 - - [13/Jan/2026:17:05:41 +0000] "GET /wp-includes/wp2e0576/index.php HTTP/1.1" 200 0 "https://hdwebsolution.com/wp-includes/wp2e0576/index.php" "Mozilla/5.0 (Macintosh; Intel Mac OS X 10_6_8) AppleWebKit/534.24 (KHTML, like Gecko) Iron/11.0.700.2 Chrome/11.0.700.2 Safari/534.24"
208.110.64.178 - - [13/Jan/2026:17:13:05 +0000] "GET /wp-includes/wp2e0576/index.php HTTP/1.1" 200 0 "https://hdwebsolution.com/wp-includes/wp2e0576/index.php" "Mozilla/5.0 (Windows NT 10.0; Win64; x64) AppleWebKit/537.36 (KHTML, like Gecko) Chrome/58.0.3029.110 Safari/537.3"
204.12.252.98 - - [13/Jan/2026:17:09:30 +0000] "GET /wp-includes/wp2e0576/index.php HTTP/1.1" 200 0 "https://hdwebsolution.com/wp-includes/wp2e0576/index.php" "Mozilla/5.0 (Windows NT 10.0; Win64; x64) AppleWebKit/537.36 (KHTML, like Gecko) Chrome/58.0.3029.110 Safari/537.3"
66.249.70.132 - - [13/Jan/2026:17:11:54 +0000] "GET /?r=372629596 HTTP/1.1" 200 1964 "-" "Mozilla/5.0 (compatible; Googlebot/2.1; +http://www.google.com/bot.html)"
54.39.0.137 - - [13/Jan/2026:17:14:47 +0000] "GET / HTTP/2" 200 1964 "-" "Mozilla/5.0 (compatible; AhrefsBot/7.0; +http://ahrefs.com/robot/)"
66.249.70.132 - - [13/Jan/2026:17:18:25 +0000] "GET /?r=201721616 HTTP/1.1" 200 1964 "-" "Mozilla/5.0 (compatible; Googlebot/2.1; +http://www.google.com/bot.html)"
50.16.216.166 - - [13/Jan/2026:17:35:00 +0000] "GET /carpenetr/certificate.php HTTP/1.1" 403 1242 "-" "Mozilla/5.0 AppleWebKit/537.36 (KHTML, like Gecko; compatible; Amazonbot/0.1; +https://developer.amazon.com/support/amazonbot) Chrome/119.0.6045.214 Safari/537.36"
204.12.208.18 - - [13/Jan/2026:17:27:39 +0000] "GET /wp-includes/wp2e0576/index.php HTTP/1.1" 200 0 "https://hdwebsolution.com/wp-includes/wp2e0576/index.php" "Mozilla/5.0 (Macintosh; U; PPC Mac OS X 10_4_11; ja-jp) AppleWebKit/525.13 (KHTML, like Gecko) Version/3.1 Safari/525.13"
157.245.255.24 - - [13/Jan/2026:17:48:56 +0000] "GET //public/uploads/1718950855_487d5a0d5e89598f1669.png HTTP/1.1" 200 80355 "https://hdwebsolution.com/" "Mozilla/5.0 (Windows NT 10.0; Win64; x64) AppleWebKit/537.36 (KHTML, like Gecko) Chrome/106.0.5249.119 Safari/537.36"
66.249.70.131 - - [13/Jan/2026:17:54:30 +0000] "GET /?r=279930479 HTTP/1.1" 200 1964 "-" "Mozilla/5.0 (compatible; Googlebot/2.1; +http://www.google.com/bot.html)"
204.12.208.18 - - [13/Jan/2026:17:57:25 +0000] "GET /wp-includes/wp2e0576/index.php HTTP/1.1" 200 0 "https://hdwebsolution.com/wp-includes/wp2e0576/index.php" "Mozilla/5.0 (compatible; MSIE 9.0; Windows NT 6.1; WOW64; Trident/5.0; SLCC2; .NET CLR 2.0.50727; .NET CLR 3.5.30729; .NET CLR 3.0.30729; Media Center PC 6.0; MAGW; .NET4.0C; Lunascape 6.5.8.24780)"
66.249.70.131 - - [13/Jan/2026:17:58:31 +0000] "GET /?r=457455648 HTTP/1.1" 200 1964 "-" "Mozilla/5.0 (compatible; Googlebot/2.1; +http://www.google.com/bot.html)"
185.177.72.67 - - [13/Jan/2026:17:42:58 +0000] "HEAD / HTTP/1.1" 401 0 "-" "Mozilla/5.0 (Windows NT 10.0; Win64; x64) AppleWebKit/537.36"
66.249.70.131 - - [13/Jan/2026:17:54:52 +0000] "GET /?r=424852326 HTTP/1.1" 200 1964 "-" "Mozilla/5.0 (compatible; Googlebot/2.1; +http://www.google.com/bot.html)"
66.249.70.131 - - [13/Jan/2026:17:55:02 +0000] "GET /?r=442915692 HTTP/1.1" 200 1964 "-" "Mozilla/5.0 (compatible; Googlebot/2.1; +http://www.google.com/bot.html)"
66.249.70.132 - - [13/Jan/2026:17:55:11 +0000] "GET /?r=110741845 HTTP/1.1" 200 1964 "-" "Mozilla/5.0 (compatible; Googlebot/2.1; +http://www.google.com/bot.html)"
66.249.70.132 - - [13/Jan/2026:17:55:20 +0000] "GET /?r=329341379 HTTP/1.1" 200 1964 "-" "Mozilla/5.0 (compatible; Googlebot/2.1; +http://www.google.com/bot.html)"
204.12.208.18 - - [13/Jan/2026:18:00:29 +0000] "GET /wp-includes/wp2e0576/index.php HTTP/1.1" 200 0 "https://hdwebsolution.com/wp-includes/wp2e0576/index.php" "Mozilla/5.0 (compatible; MSIE 10.0; Windows NT 6.2; Trident/6.0)"
66.249.70.133 - - [13/Jan/2026:18:04:03 +0000] "GET /?r=427955134 HTTP/1.1" 200 1964 "-" "Mozilla/5.0 (compatible; Googlebot/2.1; +http://www.google.com/bot.html)"
208.110.64.178 - - [13/Jan/2026:18:06:46 +0000] "GET /wp-includes/wp2e0576/index.php HTTP/1.1" 200 0 "https://hdwebsolution.com/wp-includes/wp2e0576/index.php" "Mozilla/5.0 (Windows NT 10.0; Win64; x64) AppleWebKit/537.36 (KHTML, like Gecko) Chrome/58.0.3029.110 Safari/537.3"
66.249.70.132 - - [13/Jan/2026:18:10:49 +0000] "GET /?r=36777257 HTTP/1.1" 200 1964 "-" "Mozilla/5.0 (compatible; Googlebot/2.1; +http://www.google.com/bot.html)"
160.191.114.34 - - [13/Jan/2026:18:13:28 +0000] "GET /mini.php HTTP/3" 403 1242 "-" "Mozilla/5.0 (Windows NT 10.0; Win64; x64) AppleWebKit/537.36 (KHTML, like Gecko) Chrome/143.0.0.0 Safari/537.36"
142.44.220.108 - - [13/Jan/2026:18:00:47 +0000] "GET / HTTP/2" 200 1966 "-" "Mozilla/5.0 (compatible; AhrefsBot/7.0; +http://ahrefs.com/robot/)"
66.249.70.132 - - [13/Jan/2026:18:17:17 +0000] "GET /?r=168475831 HTTP/1.1" 200 1964 "-" "Mozilla/5.0 (compatible; Googlebot/2.1; +http://www.google.com/bot.html)"
3.227.180.70 - - [13/Jan/2026:18:17:23 +0000] "GET /carpenetr/project.php HTTP/1.1" 403 1242 "-" "Mozilla/5.0 AppleWebKit/537.36 (KHTML, like Gecko; compatible; Amazonbot/0.1; +https://developer.amazon.com/support/amazonbot) Chrome/119.0.6045.214 Safari/537.36"
52.73.6.26 - - [13/Jan/2026:18:17:29 +0000] "GET /carpenetr/interior-project.php HTTP/1.1" 403 1242 "-" "Mozilla/5.0 AppleWebKit/537.36 (KHTML, like Gecko; compatible; Amazonbot/0.1; +https://developer.amazon.com/support/amazonbot) Chrome/119.0.6045.214 Safari/537.36"
204.12.208.18 - - [13/Jan/2026:18:24:59 +0000] "GET /wp-includes/wp2e0576/index.php HTTP/1.1" 200 0 "https://hdwebsolution.com/wp-includes/wp2e0576/index.php" "Mozilla/5.0 (compatible; MSIE 10.0; Windows NT 6.2; Win64; x64; Trident/6.0)"
179.43.191.19 - - [13/Jan/2026:18:31:36 +0000] "GET /wp-login.php?al=true HTTP/1.1" 404 1251 "hdwebsolution.com" "Mozilla/5.0 (Windows NT 10.0; Win64; x64) AppleWebKit/537.36 (KHTML, like Gecko) Chrome/90.0.4430.212 Safari/537.36"
208.110.64.178 - - [13/Jan/2026:18:35:30 +0000] "GET /wp-includes/wp2e0576/index.php HTTP/1.1" 200 0 "https://hdwebsolution.com/wp-includes/wp2e0576/index.php" "Mozilla/5.0 (Windows NT 10.0; Win64; x64) AppleWebKit/537.36 (KHTML, like Gecko) Chrome/58.0.3029.110 Safari/537.3"
145.239.65.236 - - [13/Jan/2026:18:43:09 +0000] "GET /robots.txt HTTP/1.1" 200 383 "-" "Mozilla/5.0 (compatible; MJ12bot/v1.4.8; http://mj12bot.com/)"
145.239.65.236 - - [13/Jan/2026:18:43:10 +0000] "GET /help/article/5307 HTTP/1.1" 404 1251 "-" "Mozilla/5.0 (compatible; MJ12bot/v1.4.8; http://mj12bot.com/)"
145.239.65.236 - - [13/Jan/2026:18:43:12 +0000] "GET /legal/policy/listing-mature-content-correctly/242665462117 HTTP/1.1" 404 1251 "-" "Mozilla/5.0 (compatible; MJ12bot/v1.4.8; http://mj12bot.com/)"
145.239.65.236 - - [13/Jan/2026:18:43:14 +0000] "GET /legal/prohibited HTTP/1.1" 404 1251 "-" "Mozilla/5.0 (compatible; MJ12bot/v1.4.8; http://mj12bot.com/)"
145.239.65.236 - - [13/Jan/2026:18:43:15 +0000] "GET /legal/sellers HTTP/1.1" 404 1251 "-" "Mozilla/5.0 (compatible; MJ12bot/v1.4.8; http://mj12bot.com/)"
145.239.65.236 - - [13/Jan/2026:18:43:17 +0000] "GET /listing/1790774795/book-club-print-bookish-poster-trendy/favoriters?ref=l2-collection-count HTTP/1.1" 404 1251 "-" "Mozilla/5.0 (compatible; MJ12bot/v1.4.8; http://mj12bot.com/)"
51.161.37.68 - - [13/Jan/2026:18:46:16 +0000] "GET //sitemap-6.xml HTTP/2" 404 1251 "-" "Mozilla/5.0 (compatible; AhrefsBot/7.0; +http://ahrefs.com/robot/)"
66.249.70.131 - - [13/Jan/2026:18:51:43 +0000] "GET /?r=305732620 HTTP/1.1" 200 1964 "-" "Mozilla/5.0 (compatible; Googlebot/2.1; +http://www.google.com/bot.html)"
66.249.70.132 - - [13/Jan/2026:18:52:59 +0000] "GET /?r=460613722 HTTP/1.1" 200 1964 "-" "Mozilla/5.0 (compatible; Googlebot/2.1; +http://www.google.com/bot.html)"
66.249.70.133 - - [13/Jan/2026:19:00:38 +0000] "GET /?r=29442265 HTTP/1.1" 200 1964 "-" "Mozilla/5.0 (compatible; Googlebot/2.1; +http://www.google.com/bot.html)"
204.12.208.18 - - [13/Jan/2026:18:51:16 +0000] "GET /wp-includes/wp2e0576/index.php HTTP/1.1" 200 0 "https://hdwebsolution.com/wp-includes/wp2e0576/index.php" "Mozilla/5.0 (Macintosh; Intel Mac OS X 10_6_8) AppleWebKit/535.1 (KHTML, like Gecko) Chrome/14.0.835.202 Safari/535.1"
66.249.70.131 - - [13/Jan/2026:18:52:37 +0000] "GET /?r=64186108 HTTP/1.1" 200 1964 "-" "Mozilla/5.0 (compatible; Googlebot/2.1; +http://www.google.com/bot.html)"
66.249.70.133 - - [13/Jan/2026:18:56:01 +0000] "GET /?r=447234649 HTTP/1.1" 200 1964 "-" "Mozilla/5.0 (compatible; Googlebot/2.1; +http://www.google.com/bot.html)"
66.249.70.132 - - [13/Jan/2026:19:07:16 +0000] "GET /?r=26668364 HTTP/1.1" 200 1964 "-" "Mozilla/5.0 (compatible; Googlebot/2.1; +http://www.google.com/bot.html)"
208.110.64.178 - - [13/Jan/2026:19:13:30 +0000] "GET /wp-includes/wp2e0576/index.php HTTP/1.1" 200 0 "https://hdwebsolution.com/wp-includes/wp2e0576/index.php" "Mozilla/5.0 (Windows NT 10.0; Win64; x64) AppleWebKit/537.36 (KHTML, like Gecko) Chrome/58.0.3029.110 Safari/537.3"
66.249.70.133 - - [13/Jan/2026:19:12:44 +0000] "GET /?r=22748682 HTTP/1.1" 200 1964 "-" "Mozilla/5.0 (compatible; Googlebot/2.1; +http://www.google.com/bot.html)"
204.12.208.18 - - [13/Jan/2026:19:17:43 +0000] "GET /wp-includes/wp2e0576/index.php HTTP/1.1" 200 0 "https://hdwebsolution.com/wp-includes/wp2e0576/index.php" "Mozilla/5.0 (Windows NT 5.1) AppleWebKit/535.2 (KHTML, like Gecko) Chrome/15.0.874.120 Safari/535.2"
66.249.70.131 - - [13/Jan/2026:19:19:19 +0000] "GET /?r=188150127 HTTP/1.1" 200 1964 "-" "Mozilla/5.0 (compatible; Googlebot/2.1; +http://www.google.com/bot.html)"
66.249.70.132 - - [13/Jan/2026:19:31:13 +0000] "GET /?r=106949475 HTTP/1.1" 200 1964 "-" "Mozilla/5.0 (compatible; Googlebot/2.1; +http://www.google.com/bot.html)"
74.7.243.210 - - [13/Jan/2026:19:31:39 +0000] "GET / HTTP/2" 200 1969 "-" "Mozilla/5.0 AppleWebKit/537.36 (KHTML, like Gecko; compatible; GPTBot/1.3; +https://openai.com/gptbot)"
66.249.70.132 - - [13/Jan/2026:19:25:53 +0000] "GET /?r=251205071 HTTP/1.1" 200 1964 "-" "Mozilla/5.0 (compatible; Googlebot/2.1; +http://www.google.com/bot.html)"
208.110.64.178 - - [13/Jan/2026:19:26:51 +0000] "GET /wp-includes/wp2e0576/index.php HTTP/1.1" 200 0 "https://hdwebsolution.com/wp-includes/wp2e0576/index.php" "Mozilla/5.0 (Windows NT 10.0; Win64; x64) AppleWebKit/537.36 (KHTML, like Gecko) Chrome/58.0.3029.110 Safari/537.3"
208.110.64.178 - - [13/Jan/2026:19:31:21 +0000] "GET /wp-includes/wp2e0576/index.php HTTP/1.1" 200 0 "https://hdwebsolution.com/wp-includes/wp2e0576/index.php" "Mozilla/5.0 (Windows NT 10.0; Win64; x64) AppleWebKit/537.36 (KHTML, like Gecko) Chrome/58.0.3029.110 Safari/537.3"
74.7.230.48 - - [13/Jan/2026:19:31:49 +0000] "GET /robots.txt HTTP/2" 200 106 "-" "Mozilla/5.0 (Macintosh; Intel Mac OS X 10_15_7) AppleWebKit/537.36 (KHTML, like Gecko) Chrome/131.0.0.0 Safari/537.36; compatible; OAI-SearchBot/1.3; robots.txt; +https://openai.com/searchbot"
66.249.70.133 - - [13/Jan/2026:19:38:09 +0000] "GET /?r=129928900 HTTP/1.1" 200 1964 "-" "Mozilla/5.0 (compatible; Googlebot/2.1; +http://www.google.com/bot.html)"
204.12.252.98 - - [13/Jan/2026:19:45:01 +0000] "GET /wp-includes/wp2e0576/index.php HTTP/1.1" 200 0 "https://hdwebsolution.com/wp-includes/wp2e0576/index.php" "Mozilla/5.0 (Windows NT 10.0; Win64; x64) AppleWebKit/537.36 (KHTML, like Gecko) Chrome/58.0.3029.110 Safari/537.3"
204.12.208.18 - - [13/Jan/2026:19:43:58 +0000] "GET /wp-includes/wp2e0576/index.php HTTP/1.1" 200 0 "https://hdwebsolution.com/wp-includes/wp2e0576/index.php" "Mozilla/5.0 (Macintosh; Intel Mac OS X 10_6_8) AppleWebKit/535.1 (KHTML, like Gecko) Chrome/14.0.835.202 Safari/535.1"
51.68.111.205 - - [13/Jan/2026:19:46:58 +0000] "GET /robots.txt HTTP/1.1" 200 106 "-" "Mozilla/5.0 (compatible; MJ12bot/v2.0.4; http://mj12bot.com/)"
51.68.111.205 - - [13/Jan/2026:19:46:58 +0000] "GET / HTTP/1.1" 200 1964 "-" "Mozilla/5.0 (compatible; MJ12bot/v2.0.4; http://mj12bot.com/)"
204.12.252.98 - - [13/Jan/2026:20:02:14 +0000] "GET /wp-includes/wp2e0576/index.php HTTP/1.1" 200 0 "https://hdwebsolution.com/wp-includes/wp2e0576/index.php" "Mozilla/5.0 (Windows NT 10.0; Win64; x64) AppleWebKit/537.36 (KHTML, like Gecko) Chrome/58.0.3029.110 Safari/537.3"
204.12.208.18 - - [13/Jan/2026:20:10:11 +0000] "GET /wp-includes/wp2e0576/index.php HTTP/1.1" 200 0 "https://hdwebsolution.com/wp-includes/wp2e0576/index.php" "Mozilla/5.0 (Macintosh; U; Intel Mac OS X 10_5_3; ja-jp) AppleWebKit/525.18 (KHTML, like Gecko) Version/3.1.1 Safari/525.20"
185.177.72.68 - - [13/Jan/2026:20:11:52 +0000] "HEAD / HTTP/1.1" 401 0 "-" "Mozilla/5.0 (Windows NT 10.0; Win64; x64) AppleWebKit/537.36"
208.110.64.178 - - [13/Jan/2026:20:01:15 +0000] "GET /wp-includes/wp2e0576/index.php HTTP/1.1" 200 0 "https://hdwebsolution.com/wp-includes/wp2e0576/index.php" "Mozilla/5.0 (Windows NT 10.0; Win64; x64) AppleWebKit/537.36 (KHTML, like Gecko) Chrome/58.0.3029.110 Safari/537.3"
54.204.12.115 - - [13/Jan/2026:20:07:14 +0000] "GET /carpenetr/interior-work.php HTTP/1.1" 403 1242 "-" "Mozilla/5.0 AppleWebKit/537.36 (KHTML, like Gecko; compatible; Amazonbot/0.1; +https://developer.amazon.com/support/amazonbot) Chrome/119.0.6045.214 Safari/537.36"
66.249.70.133 - - [13/Jan/2026:20:09:59 +0000] "GET /?r=181870731 HTTP/1.1" 200 1964 "-" "Mozilla/5.0 (compatible; Googlebot/2.1; +http://www.google.com/bot.html)"
208.110.64.178 - - [13/Jan/2026:20:13:50 +0000] "GET /wp-includes/wp2e0576/index.php HTTP/1.1" 200 0 "https://hdwebsolution.com/wp-includes/wp2e0576/index.php" "Mozilla/5.0 (Windows NT 10.0; Win64; x64) AppleWebKit/537.36 (KHTML, like Gecko) Chrome/58.0.3029.110 Safari/537.3"
66.249.70.133 - - [13/Jan/2026:20:17:42 +0000] "GET /contact-us HTTP/1.1" 404 1251 "-" "Mozilla/5.0 (Linux; Android 6.0.1; Nexus 5X Build/MMB29P) AppleWebKit/537.36 (KHTML, like Gecko) Chrome/143.0.7499.192 Mobile Safari/537.36 (compatible; Googlebot/2.1; +http://www.google.com/bot.html)"
101.99.88.90 - - [13/Jan/2026:20:14:29 +0000] "GET /wp-includes/wp2e0576/index.php HTTP/1.1" 200 0 "-" "-"
204.12.208.18 - - [13/Jan/2026:20:36:37 +0000] "GET /wp-includes/wp2e0576/index.php HTTP/1.1" 200 0 "https://hdwebsolution.com/wp-includes/wp2e0576/index.php" "Mozilla/4.0 (compatible; MSIE 6.0; X11; Linux i686; ja) Opera 10.10"
185.177.72.67 - - [13/Jan/2026:20:45:13 +0000] "GET / HTTP/1.1" 200 37875 "-" "Mozilla/5.0 (Windows NT 10.0; Win64; x64) AppleWebKit/537.36"
208.110.64.178 - - [13/Jan/2026:20:34:52 +0000] "GET /wp-includes/wp2e0576/index.php HTTP/1.1" 200 0 "https://hdwebsolution.com/wp-includes/wp2e0576/index.php" "Mozilla/5.0 (Windows NT 10.0; Win64; x64) AppleWebKit/537.36 (KHTML, like Gecko) Chrome/58.0.3029.110 Safari/537.3"
185.177.72.70 - - [13/Jan/2026:20:52:27 +0000] "GET / HTTP/1.1" 401 36 "-" "Mozilla/5.0 (Windows NT 10.0; Win64; x64) AppleWebKit/537.36"
204.12.252.98 - - [13/Jan/2026:20:52:43 +0000] "GET /wp-includes/wp2e0576/index.php HTTP/1.1" 200 0 "https://hdwebsolution.com/wp-includes/wp2e0576/index.php" "Mozilla/5.0 (Windows NT 10.0; Win64; x64) AppleWebKit/537.36 (KHTML, like Gecko) Chrome/58.0.3029.110 Safari/537.3"
204.12.208.18 - - [13/Jan/2026:21:03:21 +0000] "GET /wp-includes/wp2e0576/index.php HTTP/1.1" 200 0 "https://hdwebsolution.com/wp-includes/wp2e0576/index.php" "Mozilla/5.0 (compatible; MSIE 10.0; Windows NT 6.2; Trident/6.0)"
208.110.64.178 - - [13/Jan/2026:21:09:06 +0000] "GET /wp-includes/wp2e0576/index.php HTTP/1.1" 200 0 "https://hdwebsolution.com/wp-includes/wp2e0576/index.php" "Mozilla/5.0 (Windows NT 10.0; Win64; x64) AppleWebKit/537.36 (KHTML, like Gecko) Chrome/58.0.3029.110 Safari/537.3"
74.7.228.52 - - [13/Jan/2026:21:15:06 +0000] "GET /robots.txt HTTP/2" 200 106 "-" "Mozilla/5.0 (Macintosh; Intel Mac OS X 10_15_7) AppleWebKit/537.36 (KHTML, like Gecko) Chrome/131.0.0.0 Safari/537.36; compatible; OAI-SearchBot/1.3; robots.txt; +https://openai.com/searchbot"
74.7.227.184 - - [13/Jan/2026:21:15:06 +0000] "GET / HTTP/2" 200 1964 "-" "Mozilla/5.0 AppleWebKit/537.36 (KHTML, like Gecko; compatible; GPTBot/1.3; +https://openai.com/gptbot)"
74.7.227.184 - - [13/Jan/2026:21:15:10 +0000] "GET /machines/ HTTP/2" 200 8176 "-" "Mozilla/5.0 AppleWebKit/537.36 (KHTML, like Gecko; compatible; GPTBot/1.3; +https://openai.com/gptbot)"
74.7.227.184 - - [13/Jan/2026:21:15:13 +0000] "GET /sareen-1/ HTTP/2" 200 11685 "-" "Mozilla/5.0 AppleWebKit/537.36 (KHTML, like Gecko; compatible; GPTBot/1.3; +https://openai.com/gptbot)"
74.7.227.184 - - [13/Jan/2026:21:15:15 +0000] "GET /writable/ HTTP/2" 200 709 "-" "Mozilla/5.0 AppleWebKit/537.36 (KHTML, like Gecko; compatible; GPTBot/1.3; +https://openai.com/gptbot)"
74.7.227.184 - - [13/Jan/2026:21:15:18 +0000] "GET /jewellers/ HTTP/2" 200 3231 "-" "Mozilla/5.0 AppleWebKit/537.36 (KHTML, like Gecko; compatible; GPTBot/1.3; +https://openai.com/gptbot)"
74.7.227.184 - - [13/Jan/2026:21:15:20 +0000] "GET /sitemap.xml HTTP/2" 200 188 "-" "Mozilla/5.0 AppleWebKit/537.36 (KHTML, like Gecko; compatible; GPTBot/1.3; +https://openai.com/gptbot)"
74.7.227.184 - - [13/Jan/2026:21:15:22 +0000] "GET /spark HTTP/2" 200 1865 "-" "Mozilla/5.0 AppleWebKit/537.36 (KHTML, like Gecko; compatible; GPTBot/1.3; +https://openai.com/gptbot)"
74.7.227.184 - - [13/Jan/2026:21:15:24 +0000] "GET /system/ HTTP/2" 200 131 "-" "Mozilla/5.0 AppleWebKit/537.36 (KHTML, like Gecko; compatible; GPTBot/1.3; +https://openai.com/gptbot)"
74.7.227.184 - - [13/Jan/2026:21:15:26 +0000] "GET /?MA HTTP/2" 200 1924 "-" "Mozilla/5.0 AppleWebKit/537.36 (KHTML, like Gecko; compatible; GPTBot/1.3; +https://openai.com/gptbot)"
74.7.227.184 - - [13/Jan/2026:21:15:27 +0000] "GET /?SA HTTP/2" 200 1949 "-" "Mozilla/5.0 AppleWebKit/537.36 (KHTML, like Gecko; compatible; GPTBot/1.3; +https://openai.com/gptbot)"
74.7.227.184 - - [13/Jan/2026:21:15:29 +0000] "GET /index.php0 HTTP/2" 200 215 "-" "Mozilla/5.0 AppleWebKit/537.36 (KHTML, like Gecko; compatible; GPTBot/1.3; +https://openai.com/gptbot)"
74.7.227.184 - - [13/Jan/2026:21:15:30 +0000] "GET /_autoindex/assets/js/tablesort.js HTTP/2" 200 2137 "-" "Mozilla/5.0 AppleWebKit/537.36 (KHTML, like Gecko; compatible; GPTBot/1.3; +https://openai.com/gptbot)"
74.7.227.184 - - [13/Jan/2026:21:15:31 +0000] "GET /machines/z-100.php HTTP/2" 403 1242 "-" "Mozilla/5.0 AppleWebKit/537.36 (KHTML, like Gecko; compatible; GPTBot/1.3; +https://openai.com/gptbot)"
74.7.227.184 - - [13/Jan/2026:21:15:32 +0000] "GET /sareen-1/category/13/height-weight-scale HTTP/2" 404 1251 "-" "Mozilla/5.0 AppleWebKit/537.36 (KHTML, like Gecko; compatible; GPTBot/1.3; +https://openai.com/gptbot)"
74.7.227.184 - - [13/Jan/2026:21:15:33 +0000] "GET /sareen-1/assets/images/categories/1604380369-autoclave_nut_type.jpg HTTP/2" 200 5283 "-" "Mozilla/5.0 AppleWebKit/537.36 (KHTML, like Gecko; compatible; GPTBot/1.3; +https://openai.com/gptbot)"
74.7.227.184 - - [13/Jan/2026:21:15:34 +0000] "GET /sareen-1/category/24/laboratory-product HTTP/2" 404 1251 "-" "Mozilla/5.0 AppleWebKit/537.36 (KHTML, like Gecko; compatible; GPTBot/1.3; +https://openai.com/gptbot)"
74.7.227.184 - - [13/Jan/2026:21:15:35 +0000] "GET /sareen-1/product/23/gallipot HTTP/2" 404 1251 "-" "Mozilla/5.0 AppleWebKit/537.36 (KHTML, like Gecko; compatible; GPTBot/1.3; +https://openai.com/gptbot)"
74.7.227.184 - - [13/Jan/2026:21:15:35 +0000] "GET /sareen-1/assets/images/categories/1687426991-Untitled_design.png HTTP/2" 200 18845 "-" "Mozilla/5.0 AppleWebKit/537.36 (KHTML, like Gecko; compatible; GPTBot/1.3; +https://openai.com/gptbot)"
74.7.227.184 - - [13/Jan/2026:21:15:36 +0000] "GET /sareen-1/assets/images/categories/1687432721-Untitled_design.png HTTP/2" 200 14125 "-" "Mozilla/5.0 AppleWebKit/537.36 (KHTML, like Gecko; compatible; GPTBot/1.3; +https://openai.com/gptbot)"
74.7.227.184 - - [13/Jan/2026:21:15:37 +0000] "GET /sareen-1/assets/images/categories/1687436424-Untitled_design.png HTTP/2" 200 12204 "-" "Mozilla/5.0 AppleWebKit/537.36 (KHTML, like Gecko; compatible; GPTBot/1.3; +https://openai.com/gptbot)"
74.7.227.184 - - [13/Jan/2026:21:15:38 +0000] "GET /sareen-1/assets/images/categories/1604300305-hollowares.jpg HTTP/2" 200 4645 "-" "Mozilla/5.0 AppleWebKit/537.36 (KHTML, like Gecko; compatible; GPTBot/1.3; +https://openai.com/gptbot)"
74.7.227.184 - - [13/Jan/2026:21:15:38 +0000] "GET /sareen-1/privacypolicy HTTP/2" 404 1251 "-" "Mozilla/5.0 AppleWebKit/537.36 (KHTML, like Gecko; compatible; GPTBot/1.3; +https://openai.com/gptbot)"
74.7.227.184 - - [13/Jan/2026:21:15:39 +0000] "GET /sareen-1/assets/images/categories/1687093462-Untitled_design_-_2023-06-18T183407_495.png HTTP/2" 200 22147 "-" "Mozilla/5.0 AppleWebKit/537.36 (KHTML, like Gecko; compatible; GPTBot/1.3; +https://openai.com/gptbot)"
74.7.227.184 - - [13/Jan/2026:21:15:40 +0000] "GET /sareen-1/assets/images/categories/1685706864-Untitled_design_-_2023-06-02T172410_308.png HTTP/2" 200 14789 "-" "Mozilla/5.0 AppleWebKit/537.36 (KHTML, like Gecko; compatible; GPTBot/1.3; +https://openai.com/gptbot)"
74.7.227.184 - - [13/Jan/2026:21:15:40 +0000] "GET /sareen-1/assets/images/categories/1685429135-Untitled_design_-_2023-05-30T121054_919.png HTTP/2" 200 9808 "-" "Mozilla/5.0 AppleWebKit/537.36 (KHTML, like Gecko; compatible; GPTBot/1.3; +https://openai.com/gptbot)"
74.7.227.184 - - [13/Jan/2026:21:15:41 +0000] "GET /sareen-1/assets/images/categories/1687094353-Untitled_design_-_2023-06-18T184456_757.png HTTP/2" 200 14470 "-" "Mozilla/5.0 AppleWebKit/537.36 (KHTML, like Gecko; compatible; GPTBot/1.3; +https://openai.com/gptbot)"
74.7.227.184 - - [13/Jan/2026:21:15:41 +0000] "GET /sareen-1/assets/images/categories/1685428640-Untitled_design_-_2023-05-30T120716_737.png HTTP/2" 200 17974 "-" "Mozilla/5.0 AppleWebKit/537.36 (KHTML, like Gecko; compatible; GPTBot/1.3; +https://openai.com/gptbot)"
74.7.227.184 - - [13/Jan/2026:21:15:42 +0000] "GET /sareen-1/assets/images/categories/1687065881-Untitled_design_-_2023-06-18T105423_705.png HTTP/2" 200 21119 "-" "Mozilla/5.0 AppleWebKit/537.36 (KHTML, like Gecko; compatible; GPTBot/1.3; +https://openai.com/gptbot)"
74.7.227.184 - - [13/Jan/2026:21:15:42 +0000] "GET /sareen-1/assets/images/categories/1685428460-Untitled_design_-_2023-05-30T120312_096.png HTTP/2" 200 9357 "-" "Mozilla/5.0 AppleWebKit/537.36 (KHTML, like Gecko; compatible; GPTBot/1.3; +https://openai.com/gptbot)"
74.7.227.184 - - [13/Jan/2026:21:15:43 +0000] "GET /sareen-1/category/42/infant-radiant-warmer HTTP/2" 404 1251 "-" "Mozilla/5.0 AppleWebKit/537.36 (KHTML, like Gecko; compatible; GPTBot/1.3; +https://openai.com/gptbot)"
74.7.227.184 - - [13/Jan/2026:21:15:44 +0000] "GET /sareen-1/category/12/x-ray-view-box HTTP/2" 404 1251 "-" "Mozilla/5.0 AppleWebKit/537.36 (KHTML, like Gecko; compatible; GPTBot/1.3; +https://openai.com/gptbot)"
74.7.227.184 - - [13/Jan/2026:21:15:44 +0000] "GET /machines/img/testimonial-3.jpg HTTP/2" 200 3421 "-" "Mozilla/5.0 AppleWebKit/537.36 (KHTML, like Gecko; compatible; GPTBot/1.3; +https://openai.com/gptbot)"
74.7.227.184 - - [13/Jan/2026:21:15:45 +0000] "GET /machines/img/testimonial-1.jpg HTTP/2" 200 3482 "-" "Mozilla/5.0 AppleWebKit/537.36 (KHTML, like Gecko; compatible; GPTBot/1.3; +https://openai.com/gptbot)"
